= -6. What is the highest common factor of w and j?
10
Let j(m) = m**3 - 23*m**2 - 22*m - 41. Let n be j(24). Let l = 8 + -5. Let p be (2 + -3)/(l + -4). Calculate the highest common divisor of n and p.
1
Suppose -15 = 3*r, -2*c = 4*r - 23 + 1. Let b be 20 + (-6)/(-4)*(-6)/(-9). What is the greatest common divisor of c and b?
21
Suppose 57 = 7*h - 125. Let i(z) = z**3 - 12*z**2 + 22*z + 19. Let d be i(10). Calculate the greatest common factor of d and h.
13
Let p = -1515 - -1525. Calculate the highest common factor of p and 3970.
10
Let y(z) = -z**3 - 5*z**2 - 3*z - 11. Let w be y(-5). Suppose -w*l + 358 = 118. Calculate the greatest common factor of 12 and l.
12
Let q(b) = b**2 + 20*b + 33. Let w be q(-19). Let x be (-9)/(-6) - (-329)/w. What is the greatest common divisor of 10 and x?
5
Let n be (18/(-21))/((-4)/28). Let k(b) = -2*b + 16. Let l be k(n). What is the greatest common factor of l and 6?
2
Let z(x) = 8*x + 149. Let v be z(-12). What is the highest common factor of v and 212?
53
Let g = 47 + -44. Suppose -g*w + 0*w + 6 = 0. Calculate the greatest common divisor of 5 and w.
1
Let l(x) = -7*x - 22. Let q(d) = d + 4. Let s be q(-10). Let w be l(s). What is the greatest common divisor of 40 and w?
20
Let j = -10 - -11. Let d be (-2*j/2)/(-1). Calculate the highest common factor of d and 7.
1
Suppose 5*s + 0*s = 165. Let c be (s/(-9) + 3)*-15. What is the greatest common factor of 20 and c?
10
Let j be 3/(-12) - (-1337)/(-28). Let i = -34 - j. What is the highest common factor of i and 14?
14
Let n be (-1 - -2 - -22)/((-6)/12). Let a = 53 + n. What is the greatest common divisor of 119 and a?
7
Let t(j) = 6*j**2 - 7*j + 6. Let o be t(3). What is the greatest common divisor of o and 208?
13
Let v = -2 + 4. Suppose 4*w + 4*u - 10 = v*u, -3*u = -w - 8. Suppose 1 = 2*q - w, 2*s - 5*q - 27 = 0. Calculate the highest common factor of 64 and s.
16
Let y = -130 - -182. Suppose -208 = -t - 0*t. Calculate the greatest common divisor of t and y.
52
Let t = 145 + -41. Suppose 0 = -4*p + 4*w + 128, 20 = 5*p + 4*w - t. What is the greatest common factor of p and 84?
28
Suppose -3*q - 2 = -2*i, 3*i + 26 = 5*q + 7*i. Suppose 77 = q*d + 21. What is the highest common divisor of 28 and d?
28
Let i = -43 + 40. Let k be (-4)/i + (-224)/(-12). Calculate the greatest common factor of k and 8.
4
Suppose -13*r - 1404 = -5*j - 11*r, 842 = 3*j - r. Calculate the greatest common factor of 105 and j.
35
Let l = -121 + 221. Let t(z) = -83*z - 2138. Let g be t(-26). Calculate the highest common factor of l and g.
20
Let m = 8 - 6. Suppose 4*n - 12 + 32 = 4*q, -m*q + 5*n = -10. Suppose 5*b - q*j - 35 = 0, -5*b + 3*j = -21 - 10. Calculate the highest common factor of 1 and b.
1
Suppose -2*z = 3*c - 6*c + 76, -132 = -5*c - 2*z. What is the highest common factor of 2236 and c?
26
Suppose -a + 2 = -3*h + 1, 2 = -a. Let s = 3 - h. Suppose s*t = 153 - 41. What is the highest common factor of 42 and t?
14
Suppose -9*v - 4*v = -2496. Suppose v = 5*s + 2*x, 3*s + 2*x + 37 - 153 = 0. What is the highest common divisor of 38 and s?
38
Let f = -23 - -24. Let a be (-2)/4 - (f - (-42)/(-4)). Calculate the highest common factor of a and 36.
9
Suppose 153 = -0*f + 5*f + b, 5*b + 135 = 5*f. Calculate the highest common divisor of f and 96.
6
Let b = -68 - -71. Let k(t) = t**3 - 3*t**2 + t + 1. Let y be k(b). Suppose 2*o - 5 = 3. Calculate the greatest common divisor of o and y.
4
Suppose 0 = 17*p - 185 - 87. What is the greatest common divisor of 648 and p?
8
Let o = 581 - 489. Calculate the greatest common divisor of o and 736.
92
Let j be 343/98*(-48)/(-7). Calculate the highest common factor of 408 and j.
24
Let c = 58 + -49. Let q = 6 - -93. What is the greatest common divisor of c and q?
9
Suppose 395 = 23*r - 180. Calculate the highest common factor of r and 425.
25
Let o = -40 - -44. Let y be (o/(-6))/(5 - (-664)/(-132)). Calculate the highest common divisor of 176 and y.
22
Let l be (-2437)/(-2) - (-11)/22. Suppose 0 = -5*g - 3*d + l, 3*d = -3*g - 2*d + 741. Calculate the highest common factor of g and 22.
22
Suppose 70*z + 200 = 75*z. What is the greatest common divisor of 500 and z?
20
Let l be 11/22 - 6/(-4). Suppose 5*c + 17 - 27 = 0. Calculate the greatest common factor of l and c.
2
Let d be 4/9 + (-262)/(-18). Calculate the greatest common factor of d and 5.
5
Suppose -39*y + 34*y + 140 = 0. What is the highest common factor of y and 196?
28
Let f(q) = -q**2 - 13*q + 8. Let p(k) = 2*k**2 + 13*k - 7. Let g(z) = -3*f(z) - 2*p(z). Let b be g(12). What is the highest common divisor of b and 8?
2
Suppose 11*s = 76 + 78. Calculate the greatest common factor of 1176 and s.
14
Let z = 0 - -33. Let b = -29 + z. What is the highest common factor of b and 20?
4
Let x(d) = d**3 - 7*d + 3. Let u be x(3). Let t(v) = -9*v. Let q be t(-9). What is the highest common divisor of q and u?
9
Suppose -573*r + 574*r = 304. Calculate the highest common factor of 32 and r.
16
Let s be 57/(-6 - (-10 + 27/9)). Suppose 0*i = -2*i + 2*f + 48, -3*f - 34 = -i. What is the greatest common divisor of s and i?
19
Suppose 165 = -6*p + 939. What is the highest common factor of 3 and p?
3
Let y(a) = a**3 + 31*a**2 - 6*a + 34. Let c be y(-31). Calculate the greatest common factor of c and 165.
55
Let v(j) = 4*j + 15. Let q be v(-3). Calculate the greatest common factor of q and 87.
3
Let v = 334 - 264. What is the highest common factor of 49 and v?
7
Let d(f) = f**3 - 15*f**2 - 15*f + 6. Let m be d(16). Calculate the greatest common factor of 154 and m.
22
Suppose 7*u = 30*u - 1288. What is the greatest common factor of u and 21?
7
Let h(i) = i**2 - 7*i + 9. Let v be h(6). Let t = 2082 + -2043. What is the highest common factor of t and v?
3
Suppose 8*j = 7*j - r + 28, -2*j + 2*r + 44 = 0. Calculate the greatest common divisor of j and 80.
5
Let b(i) = -i**3 - 2*i**2 + 2*i - 3. Let j be b(-3). Let f(c) = -c + 8. Let k be f(j). Calculate the highest common divisor of 1 and k.
1
Suppose -5*y + 109 = -b - 71, 3*y + 3*b - 108 = 0. What is the greatest common factor of y and 8?
4
Let t = -321 - -346. Calculate the greatest common divisor of 75 and t.
25
Suppose -110 = -g + 3*k, -3*k = 11 - 5. What is the greatest common factor of 130 and g?
26
Let p be ((-36)/(-15))/(1/25). Suppose -2*v = v + p. Let k = v + 44. Calculate the highest common factor of k and 3.
3
Let f = 4 - 0. Suppose f*o - 800 = -0*o. What is the highest common factor of 25 and o?
25
Suppose 5*k = -5*d + 50, -k = 4*d + 6 - 7. Let s be (26/(-6))/((-2)/12). Calculate the highest common divisor of k and s.
13
Let f(o) = -o**2 - 27*o + 329. Let c be f(-36). Calculate the greatest common divisor of c and 160.
5
Let x = 69 + -57. Suppose 0 = 8*p - x*p + 96. What is the greatest common divisor of 6 and p?
6
Let c be -20*((-22)/4)/11. What is the greatest common factor of c and 4?
2
Let j = 35 + -50. Let y = j - -28. What is the highest common divisor of 13 and y?
13
Let k be (-2580)/(-43) + 1*(5 + 2). What is the greatest common divisor of 1273 and k?
67
Let w(u) = 134*u**2 - 13*u + 12. Let v be w(1). What is the highest common divisor of 7 and v?
7
Suppose -6*j = 2*j - 40. Suppose 4*x = 3*w + 435, 5*w = -j*x + w + 536. What is the greatest common factor of x and 12?
12
Suppose 0 = -6*n + 2*n, -5*q - 2*n = -50. Suppose 0 = -2*j + 4*c + 34, c - 71 = -5*j - 3*c. What is the highest common divisor of q and j?
5
Let h(y) = y**3 - 7*y**2 + 9*y - 7. Let x = -47 - -53. Let f be h(x). What is the greatest common factor of f and 143?
11
Suppose 5*x + w - 149 = 0, 0*w - 133 = -5*x + 3*w. What is the greatest common factor of 348 and x?
29
Let o = -288 + 505. Suppose -2*h + 159 = 5*k - 0*k, 0 = 4*k + 2*h - 128. Calculate the greatest common factor of o and k.
31
Suppose -3*g - 4*c = -188, c = 5*g - 242 - 56. Let a(s) = 4*s**2 - 17*s - 35. Let k be a(-2). Calculate the highest common divisor of k and g.
15
Let m(w) = -w + 70 + 90 + 0*w**2 - 3*w**2. Let r be m(0). Calculate the highest common factor of 20 and r.
20
Let v(o) = -151*o - 2. Let s be v(1). Let k = 237 + s. Calculate the greatest common divisor of 126 and k.
42
Let g(l) = 2*l - 23. Let x be g(16). Suppose -4*q = -q - x. What is the highest common factor of q and 24?
3
Let b = 13 - 4. Let q(z) = -